 n + 3*n - j = 0. What is the tens digit of n?
6
Let i(p) = -12*p - 29*p**2 + 28*p**2 - 6 + 0. Let w be ((-34)/4 - -4)*2. What is the tens digit of i(w)?
2
Let n(l) = -l**3 + 5*l**2 - 5*l + 6. Let h be n(4). Let d(w) = 2*w + w**h + 6 + 0 + w. What is the units digit of d(-5)?
6
Let g(o) = 360*o**2 - 9*o + 14. What is the thousands digit of g(2)?
1
Let o(v) = v**2 - 4*v + 3. Let l(z) = z**2 + z + 1. Let g(b) = b + 11. Let w be g(-9). Let r(d) = w*l(d) - o(d). What is the tens digit of r(-8)?
1
Suppose 8*c - 4*c - 2872 = -4*x, -3*x - 2*c + 2151 = 0. What is the tens digit of x?
1
Let d(k) = 83*k - 11. Let v be d(6). Suppose -5*t + 635 = 5*l, -4*t - v = -4*l - t. What is the tens digit of (-1)/(-2*2/l)?
3
Let n be (-1)/4*(-6 - 2). Suppose 4*z + k = 21, 0 = z - 3*z - n*k + 12. What is the units digit of z?
5
Suppose 519 = t - f, -15*t - 1041 = -17*t + 5*f. What is the hundreds digit of t?
5
Let t(c) = -c**3 - c**2 - 2*c + 17. What is the hundreds digit of t(-9)?
6
Let z be (-3 - -2) + 0 + 3. Suppose 0 = -3*o + 9, -5*q - z*o + 39 = o. Suppose t - q = 20. What is the tens digit of t?
2
What is the thousands digit of (-546)/(-2457) + (-3)/(54/(-25808))?
1
Let w be (-6)/(-4) - 219/(-6). Suppose -3*c = w + 118. Let j = c + 79. What is the units digit of j?
7
Let y(q) = q**2 + 5*q + 2. Let p be y(-3). What is the tens digit of (-16)/p + 2*30?
6
Suppose 1690 = -c + 4056. What is the hundreds digit of c?
3
Let c(i) = i**3 - i**2 - 16*i + 83. What is the tens digit of c(10)?
2
Let b = -3 + -7. Let x be (b + 7)*352/(-6). Suppose -7*c + x = -3*c. What is the tens digit of c?
4
Suppose 0 = -4*o + 16 + 68. Let k(v) = v**3 - 2*v**2 - v. Let t be k(2). What is the tens digit of (-42)/9*o/t?
4
Suppose 0 = -5*f + 3*f + 598. Suppose -6*v = -f - 25. What is the units digit of v?
4
Let d = 1875 - 965. What is the tens digit of d?
1
Let l = 46 - 40. What is the tens digit of -1 + 10/l - (-7073)/33?
1
Suppose 5*s = 3*s. Let h be s - (-1 + -2) - 1. What is the units digit of 0 + (-2)/h - -5?
4
Let w = -1167 - -2483. What is the thousands digit of w?
1
What is the tens digit of 37917/165*(2 - -13)?
4
Suppose 5*l - 36 = 2*l. Let u(b) = -b + 25. What is the tens digit of u(l)?
1
Suppose s + 3*f - 8 = 0, -3*s - 4*f + f = -30. Let i = s - 2. What is the units digit of i?
9
Let y(n) = -n**3 + 3*n**2 - n - 3. Suppose -2*u - 5 = 1. What is the units digit of y(u)?
4
Let h(o) = o - 5. Let j be h(7). Suppose 3*r = j*n + 730, r - 236 = -0*r - 3*n. What is the tens digit of r?
4
Let v(k) = -207 + 412 + 8*k - 204. Let m = 2 - -6. What is the tens digit of v(m)?
6
Suppose -5*u + 29 - 19 = 0. Suppose -u*b + 6 = -0*b + 2*n, 3*n - 1 = -2*b. What is the units digit of b?
8
Let h = -44 + 54. Let d(m) = -m**2 + 14*m - 9. What is the units digit of d(h)?
1
Suppose 750 - 2598 = -2*k. Suppose -15*g + 8*g = -k. What is the units digit of g?
2
Let s = -22 + 26. Suppose -5*x = -2*d + 274, -4*d - s*x + 195 = -297. What is the units digit of d?
7
Suppose -3*i = -c - 1026 - 3195, -i - 3*c = -1397. What is the thousands digit of i?
1
Let x be 3 + -1 - (-5 + (8 - 4)). Suppose 122 + 609 = 5*f + 3*v, -3*v - 453 = -x*f. What is the tens digit of f?
4
Suppose -2*k = -k - 3*f + 4, 2*k = -f + 6. Suppose -3*n + k - 44 = 0. What is the units digit of n*(2 - (6 - 3))?
4
Let k(u) = -u**2 - 21*u - 34. Let n be k(-28). Let m = n + 374. What is the hundreds digit of m?
1
Suppose -31*l + 27*l = -72. Suppose -l*c = -23*c + 725. What is the tens digit of c?
4
Suppose -24 + 9 = 5*i. What is the units digit of (930/12 - -6) + i/2?
2
Suppose 5*g + 2008 = 3*y + 9*g, 0 = -2*y + 3*g + 1367. What is the units digit of y?
6
Suppose 26 = 3*t + 3*k - 7*k, 26 = 5*t + 2*k. Suppose 3*h - t*v - 359 = -2*v, 0 = -2*h + 2*v + 240. What is the hundreds digit of h?
1
Suppose -2*g + 18 = 5*f, 0 = -g + 3*f - 0*f - 2. Suppose r - g*r + 228 = 0. What is the units digit of r?
6
Let u(x) = 53*x - 10. Let g = 32 + -28. What is the hundreds digit of u(g)?
2
Let l = 149 - 116. Suppose -w + l = -81. What is the units digit of w?
4
Let x(t) = -t**2 - 4*t. Suppose 3 = -5*i - 7. Let j be (-1)/(i/(-6))*1. What is the units digit of x(j)?
3
Let m be (-2)/6*0/(-2). Suppose -3*l + 3*b + 15 = m, l = -2*b - b - 11. What is the tens digit of l/3 - 264/(-18)?
1
Let g(b) = 7*b**2 - 7. Let m = -16 + 20. What is the tens digit of g(m)?
0
Suppose -5*u + 2*t + 29499 = 0, t = -5*u + 41221 - 11713. What is the hundreds digit of u?
9
Suppose 4*j + 288 = 10*j. Let u = 100 - j. What is the units digit of u?
2
Suppose 10*q = 7*q + 771. Let a = q + 1. What is the hundreds digit of a?
2
Suppose -3*p - 33 = -n - 2*n, -29 = 2*p + 5*n. Let q be (-69)/p - 5/(-20). What is the tens digit of 4/(-8)*q + 54?
5
Let k(z) = -z**2 + 57*z + 40. What is the units digit of k(27)?
0
Suppose 5*r - 754 = 456. Let y = r - 135. What is the hundreds digit of y?
1
Suppose 0*d = -2*g + 2*d + 4, 5*g = -2*d + 31. Let a be 10/(-5) + g/1. Let p = 44 - a. What is the units digit of p?
1
Suppose 2*z - 3*j - 2593 = 0, -5*j + 765 + 499 = z. What is the hundreds digit of z?
2
Let w = -75 - -72. What is the units digit of w + -3 + 231/3?
1
Suppose -6*t = -16*t. Suppose 5*u - 1013 = u + d, 3*u - 2*d - 761 = t. What is the units digit of u?
3
Let r be (1/(-12)*-4)/((-4)/(-2220)). Suppose -n = -3*f + 111, 0*f + 4*n - r = -5*f. What is the units digit of f?
7
Suppose 4809 = 34*x - 82129. What is the hundreds digit of x?
5
Let o be -3 - (-7 - -4) - 4. Let j be -1 + o/(3/(-3)). Suppose 0 = -j*d + 6*d - 3. What is the units digit of d?
1
Let a(h) = -5*h - 3. Suppose 0 = g + 2. Let t be a(g). Let q = t + -4. What is the units digit of q?
3
Suppose -44*q = -51*q + 10647. What is the thousands digit of q?
1
Let l(x) be the first derivative of 154*x**3/3 - x**2 - x - 18. What is the tens digit of l(1)?
5
Let w(i) = i + 9*i + 37*i**2 + 3 - 11*i. What is the hundreds digit of w(2)?
1
Let p(j) = -38*j - 532. What is the tens digit of p(-22)?
0
Let q be (-1619)/(-5) - 8/(-40). Suppose 2*j + j = q. What is the tens digit of ((-10)/(-6))/(9/j)?
2
Suppose 0 = 4*n - n + 108. Let h be 352/n - (-4)/(-18). Let x = 2 - h. What is the tens digit of x?
1
Suppose 17*b = 15*b + 1046. What is the tens digit of b?
2
Let r be 245*(108/42 - 0). What is the tens digit of (12/(-7))/((-20)/r)?
5
Suppose 35 = d + 5*p, 0*p - 5 = -2*d + 3*p. Let s = 1 + 3. What is the units digit of 735/25 - s/d?
9
Let u(c) = 14*c + 136. What is the tens digit of u(25)?
8
Suppose 304*c - 305*c + 2031 = 0. What is the units digit of c?
1
Let o(m) = m**3 + 23*m**2 - 28*m - 66. What is the hundreds digit of o(-23)?
5
Let y(o) = o**2 + o - 2. Suppose -9 = -5*g + i, 5*g = 2*i - 7*i + 15. What is the units digit of y(g)?
4
Suppose 11*z - 19*z = -23160. What is the thousands digit of z?
2
Suppose w = 5 - 1. Suppose 2*k - w = 0, -4 = -3*q + 2*q - k. Suppose 0*r + 1 = -4*r + g, -2*g = q*r - 12. What is the units digit of r?
1
What is the tens digit of (-1140)/90*1/((-4)/78)?
4
What is the tens digit of 43850/85 + (-14)/(-119)?
1
Suppose -122 = -2*q + 5*t, 4*q + 8*t - 12*t - 256 = 0. What is the tens digit of q?
6
Suppose -2*c + 0*f = f - 11, 0 = -5*c + f + 24. Let u = 12 - c. Suppose -u + 192 = 5*y. What is the tens digit of y?
3
Let j(m) = 8*m + 268. What is the units digit of j(0)?
8
Let n be (-4 + 4)/(2 + -1). Suppose n*l + 254 = 3*l + 5*z, 4*z = 4. What is the tens digit of l?
8
Let f(c) = -4*c**3 - c**2 - 11*c + 10. What is the tens digit of f(-5)?
4
What is the units digit of (18/12)/((-4)/(-1640))?
5
Suppose -k = -3*k - 4*g + 44, -4*g = 16. Suppose 2*w + 5*a = k, w - 26 = 4*a - 11. Suppose -58 = -m - w. What is the tens digit of m?
4
Suppose -2*d = -0*n + 3*n - 12, 0 = -d + 5*n - 7. Suppose -d = -w - 3*c - c, 2*w - 4*c - 66 = 0. What is the tens digit of w?
2
Let z be 5/(-20)*2*-10. Suppose -z*d = -7*d + 266. What is the hundreds digit of d?
1
Let b be -2*3*(-20)/6. Suppose -m + 0*r + 5 = 3*r, 4*m + 3*r - b = 0. Suppose d - 60 = -2*c, 0 = m*d - 0*c - c - 278. What is the units digit of d?
6
Suppose 79 = 3*x - 638. Let p = x + -161. What is the units digit of p?
8
Suppose 0*u - 6 = -u. Let n = 635 - 639. What is the units digit of (3/n)/(u/(-24))?
3
Let q(s) = 2*s**2 + 17*s + 6. Let p be q(-12). Suppose 3*k - p = 174. Suppose 4*t - x - 121 = 0, -3*t =